9433 composite?
False
Is 124482847 a prime number?
False
Is 6812880511 a prime number?
False
Is 10646686213 a prime number?
True
Is 2039827277 a prime number?
True
Is 5048110061 a prime number?
True
Is 4290588671 a prime number?
False
Is 451702367 prime?
True
Is 1332510091 a prime number?
False
Is 9829628621 prime?
True
Is 16776331009 composite?
False
Is 707883499 a prime number?
True
Is 226644661 prime?
True
Is 3676346003 a composite number?
True
Is 2997955607 prime?
True
Is 223527907 a composite number?
True
Is 13856147 a composite number?
True
Is 2540708263 a prime number?
False
Is 109979205577 composite?
False
Is 440244929 prime?
False
Is 124220567467 prime?
True
Is 57929937479 a composite number?
True
Is 361120097 a composite number?
True
Is 122412810857 prime?
True
Is 53549827949 prime?
False
Is 639373073 prime?
False
Is 14441491 prime?
True
Is 1863713113 composite?
False
Is 1179282229 a prime number?
True
Is 3923351119 a prime number?
True
Is 800238947 composite?
True
Is 749626777 a composite number?
True
Is 9721198649 prime?
False
Is 1660236593 composite?
False
Is 6708804007 prime?
False
Is 1460166919 a prime number?
True
Is 4392073883 a prime number?
True
Is 4449930673 a composite number?
False
Is 2901337591 prime?
True
Is 4339316347 a prime number?
True
Is 3167605281 a composite number?
True
Is 1725246319 a composite number?
True
Is 362641673 composite?
False
Is 11225030021 a composite number?
False
Is 1029661637 prime?
True
Is 2649700909 a composite number?
False
Is 111094001 a composite number?
False
Is 6482417401 a composite number?
False
Is 73842659857 composite?
False
Is 33185390453 composite?
False
Is 2564524762 composite?
True
Is 283566029 a prime number?
False
Is 1249903077 a prime number?
False
Is 1678051357 prime?
True
Is 940350269 prime?
True
Is 461965789 composite?
False
Is 37572864779 prime?
False
Is 2774336203 a composite number?
False
Is 24009630341 composite?
True
Is 56050013 prime?
True
Is 31269055931 a prime number?
True
Is 198775013 a prime number?
False
Is 53817113 a prime number?
False
Is 147187949 a composite number?
True
Is 179112218893 a prime number?
False
Is 27181418821 composite?
False
Is 136829383 prime?
False
Is 1630344437 prime?
True
Is 281392957 a composite number?
False
Is 1243980533 prime?
False
Is 20685711491 composite?
False
Is 2427421369 a composite number?
True
Is 5211786769 prime?
False
Is 22626095263 prime?
True
Is 278090053 prime?
True
Is 9008572753 a composite number?
False
Is 2594782991 a composite number?
False
Is 18554788963 composite?
True
Is 30906935639 a prime number?
True
Is 13235321719 prime?
True
Is 2045517459 a composite number?
True
Is 53372803979 prime?
False
Is 5301615091 composite?
False
Is 49904643853 composite?
True
Is 36275927777 composite?
False
Is 93704947241 composite?
True
Is 2280793337 composite?
False
Is 3871260773 prime?
False
Is 1503649753 composite?
False
Is 30146832899 a prime number?
False
Is 2507664563 a composite number?
False
Is 262424209 a composite number?
False
Is 14486914657 a composite number?
True
Is 210695688473 a prime number?
True
Is 7180759343 composite?
True
Is 4499391563 a composite number?
True
Is 5242610735 a prime number?
False
Is 16359769399 prime?
False
Is 18016353681 prime?
False
Is 51732196567 a composite number?
True
Is 3331648687 a composite number?
True
Is 2416718779 prime?
True
Is 99213946379 prime?
True
Is 108794706401 prime?
False
Is 2032353877 composite?
True
Is 9031845281 composite?
False
Is 104079931 a composite number?
False
Is 4842231997 a prime number?
False
Is 62418291347 a composite number?
True
Is 33620756791 prime?
False
Is 3556879897 a prime number?
True
Is 16848867907 prime?
False
Is 311731837 composite?
True
Is 1181532773 composite?
False
Is 104801079 prime?
False
Is 48200962663 a prime number?
False
Is 1314018973 a prime number?
True
Is 10152874367 composite?
False
Is 650449493 composite?
False
Is 89565442955 prime?
False
Is 23966847497 a composite number?
True
Is 3997307827 a composite number?
False
Is 938234767 a composite number?
True
Is 124257287551 a composite number?
True
Is 5140602677 prime?
False
Is 7533486589 a composite number?
False
Is 1398897959 composite?
False
Is 75239911 a prime number?
True
Is 2460432757 a prime number?
False
Is 24356098909 a prime number?
True
Is 218154439 prime?
False
Is 10728857 a composite number?
False
Is 2602061933 a composite number?
True
Is 2028753281 composite?
False
Is 1483662047 a prime number?
False
Is 21047378699 a prime number?
True
Is 41294317927 a composite number?
False
Is 33019243 a composite number?
True
Is 2651132129 prime?
True
Is 15664362179 a prime number?
True
Is 644543693 a composite number?
True
Is 400960532861 a composite number?
True
Is 34765722023 prime?
True
Is 1426612039 prime?
False
Is 28296935597 a composite number?
True
Is 894715123 composite?
True
Is 17847551263 prime?
True
Is 467905547 prime?
True
Is 349007143839 composite?
True
Is 4204560781 prime?
True
Is 6187714417 prime?
False
Is 224718638257 a composite number?
False
Is 1107998233 a prime number?
True
Is 9024737087 prime?
True
Is 14955695297 composite?
True
Is 647561207 composite?
False
Is 167113159 prime?
True
Is 88095478853 a composite number?
True
Is 20328113473 a composite number?
False
Is 11340049727 a prime number?
True
Is 71128649 prime?
True
Is 1272312697 prime?
False
Is 9806802865 a prime number?
False
Is 164948851 composite?
False
Is 42407089081 a prime number?
False
Is 800547071 a prime number?
False
Is 10699559747 a prime number?
True
Is 5750227501 a composite number?
False
Is 6140452819 composite?
True
Is 2228829667 a composite number?
False
Is 23948793313 composite?
False
Is 9580039331 a composite number?
False
Is 20416759733 a prime number?
True
Is 10226923453 prime?
True
Is 13433867 composite?
False
Is 34229089273 prime?
False
Is 513763829 a composite number?
False
Is 2431459795 composite?
True
Is 78783998141 composite?
False
Is 6059686183 a prime number?
False
Is 9497597465 a prime number?
False
Is 372778436687 composite?
True
Is 129456209 prime?
True
Is 90370195973 a prime number?
False
Is 39739317809 composite?
False
Is 5083489343 a prime number?
True
Is 6470268563 composite?
True
Is 1035975859 prime?
True
Is 3602142623 composite?
False
Is 1683957619 prime?
True
Is 1495572899 composite?
True
Is 6057614113 prime?
False
Is 18164131897 composite?
True
Is 9057997957 a composite number?
False
Is 3278960071 prime?
True
Is 4730533 composite?
False
Is 1464810479 composite?
True
Is 3428605633 a prime number?
False
Is 29243785489 a prime number?
False
Is 1730719103 a composite number?
True
Is 67322729 prime?
False
Is 13304404042 a prime number?
False
Is 2562047231 a composite number?
True
Is 31630314893 a prime number?
True
Is 29417214221 a prime number?
True
Is 2039851241 prime?
False
Is 2215831027 a composite number?
True
Is 353598097 composite?
True
Is 936108629 a composite number?
True
Is 9689173583 composite?
False
Is 5822184653 composite?
True
Is 355250758817 a composite number?
False
Is 2101453309 prime?
True
Is 583675423 composite?
False
Is 34368391 a prime number?
False
Is 312464793581 composite?
False
Is 10229612431 composite?
True
Is 315935044795 prime?
False
Is 2175837071 prime?
False
Is 176028106957 prime?
True
Is 807008819 a composite number?
True
Is 181362740651 composite?
False
Is 38797983043 a prime number?
False
Is 7988259263 prime?
False
Is 439423907 composite?
True
Is 76589501147 a prime number?
False
Is 382419019 prime?
True
Is 18590490617 prime?
True
Is 677727653 composite?
True
Is 25738767433 a composite number?
True
Is 331586771 a composite number?
False
Is 97923137719 composite?
True
Is 461321495 a composite number?
True
Is 1310354249 a composite number?
False
Is 3331720663 a composite number?
False
Is 1007279855 a composite number?
True
Is 127534742 a composite number?
True
Is 2334057455 prime?
False
Is 400205473 a composite number?
True
Is 4320450467 composite?
False
Is 102606096613 a composite number?
True
Is 42967374517 composite?
False
Is 37359884417 composite?
False
Is 209546333 a prime number?
False
Is 1733922901 a composite number?
False
Is 98839549183 a composite number?
True
Is 443323553 a composite number?
False
Is 830580791 composite?
True
Is 316103562